3
What are the prime factors of 27877?
61, 457
List the prime factors of 14935.
5, 29, 103
List the prime factors of 9097.
11, 827
What are the prime factors of 27774?
2, 3, 1543
What are the prime factors of 288?
2, 3
List the prime factors of 20785.
5, 4157
List the prime factors of 5564.
2, 13, 107
List the prime factors of 158.
2, 79
What are the prime factors of 241?
241
What are the prime factors of 6708?
2, 3, 13, 43
What are the prime factors of 1972?
2, 17, 29
What are the prime factors of 1467?
3, 163
What are the prime factors of 17873?
61, 293
List the prime factors of 5721.
3, 1907
What are the prime factors of 120479?
17, 19, 373
List the prime factors of 3447.
3, 383
What are the prime factors of 782?
2, 17, 23
What are the prime factors of 133859?
11, 43, 283
List the prime factors of 131169.
3, 23, 1901
What are the prime factors of 121829?
29, 4201
List the prime factors of 84868.
2, 7, 433
What are the prime factors of 3597?
3, 11, 109
List the prime factors of 1032.
2, 3, 43
List the prime factors of 788.
2, 197
What are the prime factors of 3293?
37, 89
List the prime factors of 79.
79
List the prime factors of 87.
3, 29
What are the prime factors of 10796?
2, 2699
List the prime factors of 8280.
2, 3, 5, 23
What are the prime factors of 16471?
7, 13, 181
List the prime factors of 3171.
3, 7, 151
List the prime factors of 3068.
2, 13, 59
What are the prime factors of 13999?
13999
List the prime factors of 1637.
1637
What are the prime factors of 1045?
5, 11, 19
What are the prime factors of 10890?
2, 3, 5, 11
List the prime factors of 1142.
2, 571
What are the prime factors of 304?
2, 19
What are the prime factors of 1872?
2, 3, 13
List the prime factors of 45115.
5, 7, 1289
What are the prime factors of 7967?
31, 257
List the prime factors of 52799.
37, 1427
List the prime factors of 19582.
2, 9791
List the prime factors of 3081.
3, 13, 79
List the prime factors of 8661.
3, 2887
List the prime factors of 4982.
2, 47, 53
What are the prime factors of 722?
2, 19
List the prime factors of 10603.
23, 461
List the prime factors of 97222.
2, 48611
List the prime factors of 73036.
2, 19, 31
What are the prime factors of 5067?
3, 563
What are the prime factors of 1095?
3, 5, 73
List the prime factors of 3354.
2, 3, 13, 43
List the prime factors of 49365.
3, 5, 1097
List the prime factors of 6686.
2, 3343
List the prime factors of 272.
2, 17
List the prime factors of 115799.
43, 2693
What are the prime factors of 57?
3, 19
What are the prime factors of 256?
2
What are the prime factors of 61885?
5, 12377
List the prime factors of 66488.
2, 8311
List the prime factors of 1055.
5, 211
What are the prime factors of 42058?
2, 17, 1237
List the prime factors of 127.
127
List the prime factors of 1818.
2, 3, 101
List the prime factors of 1035.
3, 5, 23
What are the prime factors of 14195?
5, 17, 167
What are the prime factors of 25793?
25793
List the prime factors of 59271.
3, 23, 859
List the prime factors of 2757.
3, 919
List the prime factors of 2139.
3, 23, 31
List the prime factors of 2743.
13, 211
What are the prime factors of 2972?
2, 743
What are the prime factors of 4158?
2, 3, 7, 11
List the prime factors of 3882.
2, 3, 647
List the prime factors of 22136.
2, 2767
List the prime factors of 2268.
2, 3, 7
What are the prime factors of 17791?
17791
What are the prime factors of 8?
2
What are the prime factors of 13649?
13649
List the prime factors of 1250.
2, 5
What are the prime factors of 2149?
7, 307
What are the prime factors of 7614?
2, 3, 47
What are the prime factors of 68?
2, 17
What are the prime factors of 1275?
3, 5, 17
What are the prime factors of 1476?
2, 3, 41
List the prime factors of 6443.
17, 379
What are the prime factors of 77378?
2, 7, 5527
What are the prime factors of 3221?
3221
List the prime factors of 2407.
29, 83
List the prime factors of 3223.
11, 293
List the prime factors of 2328.
2, 3, 97
What are the prime factors of 27641?
131, 211
List the prime factors of 8199.
3, 911
List the prime factors of 1073.
29, 37
What are the prime factors of 1616?
2, 101
What are the prime factors of 4254?
2, 3, 709
What are the prime factors of 40804?
2, 101
List the prime factors of 1431.
3, 53
What are the prime factors of 2896?
2, 181
What are the prime factors of 5834?
2, 2917
List the prime factors of 11471.
11471
What are the prime factors of 3350?
2, 5, 67
What are the prime factors of 58?
2, 29
List the prime factors of 8176.
2, 7, 73
What are the prime factors of 670?
2, 5, 67
List the prime factors of 974.
2, 487
List the prime factors of 27568.
2, 1723
What are the prime factors of 36021?
3, 12007
What are the prime factors of 27278?
2, 23, 593
List the prime factors of 73065.
3, 5, 4871
List the prime factors of 2742.
2, 3, 457
List the prime factors of 2695.
5, 7, 11
List the prime factors of 2879.
2879
What are the prime factors of 1744?
2, 109
What are the prime factors of 341?
11, 31
List the prime factors of 10474.
2, 5237
What are the prime factors of 57088?
2, 223
List the prime factors of 197847.
3, 13, 19, 89
What are the prime factors of 3996?
2, 3, 37
What are the prime factors of 61766?
2, 89, 347
What are the prime factors of 9541?
7, 29, 47
What are the prime factors of 4888?
2, 13, 47
List the prime factors of 25900.
2, 5, 7, 37
List the prime factors of 2525.
5, 101
List the prime factors of 104.
2, 13
List the prime factors of 40082.
2, 7, 409
What are the prime factors of 349?
349
List the prime factors of 16147.
67, 241
What are the prime factors of 65973?
3, 21991
What are the prime factors of 632?
2, 79
List the prime factors of 3480.
2, 3, 5, 29
List the prime factors of 2531.
2531
List the prime factors of 12438.
2, 3, 691
List the prime factors of 408.
2, 3, 17
What are the prime factors of 13131?
3, 1459
What are the prime factors of 12639?
3, 11, 383
List the prime factors of 9947.
7, 29
What are the prime factors of 700?
2, 5, 7
List the prime factors of 39581.
39581
What are the prime factors of 66?
2, 3, 11
What are the prime factors of 43225?
5, 7, 13, 19
What are the prime factors of 33941?
33941
What are the prime factors of 8681?
8681
What are the prime factors of 711?
3, 79
What are the prime factors of 6327?
3, 19, 37
What are the prime factors of 18482?
2, 9241
What are the prime factors of 7373?
73, 101
What are the prime factors of 93937?
93937
What are the prime factors of 994?
2, 7, 71
What are the prime factors of 431?
431
List the prime factors of 3861.
3, 11, 13
List the prime factors of 22749.
3, 7583
What are the prime factors of 3723?
3, 17, 73
What are the prime factors of 875?
5, 7
List the prime factors of 4143.
3, 1381
List the prime factors of 253.
11, 23
What are the prime factors of 1280?
2, 5
What are the prime factors of 2694?
2, 3, 449
What are the prime factors of 6496?
2, 7, 29
What are the prime factors of 7915?
5, 1583
What are the prime factors of 4994?
2, 11, 227
What are the prime factors of 113685?
3, 5, 11, 13, 53
What are the prime factors of 3667?
19, 193
List the prime factors of 3456.
2, 3
What are the prime factors of 1342?
2, 11, 61
What are the prime factors of 64488?
2, 3, 2687
List the prime factors of 5370.
2, 3, 5, 179
List the prime factors of 18496.
2, 17
List the prime factors of 10308.
2, 3, 859
What are the prime factors of 2026?
2, 1013
What are the prime factors of 310?
2, 5, 31
List the prime factors of 225.
3, 5
List the prime factors of 545.
5, 109
List the prime factors of 23020.
2, 5, 1151
List the prime factors of 187737.
3, 11, 5689
What are the prime factors of 470?
2, 5, 47
List the prime factors of 3043.
17, 179
List the prime factors of 7209.
3, 89
List the prime factors of 2196.
2, 3, 61
What are the prime factors of 14820?
2, 3, 5, 13, 19
What are the prime factors of 3136?
2, 7
What are the prime factors of 1759?
1759
List the prime factors of 18176.
2, 71
What are the prime factors of 78538?
2, 107, 367
What are the prime factors of 37006?
2, 18503
List the prime factors of 8128.
2, 127
What are the prime factors of 20068?
2, 29, 173
List the prime factors of 1731.
3, 577
List the prime factors of 12570.
2, 3, 5, 419
What are the prime factors of 1419?
3, 11, 43
List the prime factors of 5354.
2, 2677
Wh